{"id":81,"date":"2015-08-06T15:30:54","date_gmt":"2015-08-06T13:30:54","guid":{"rendered":"http:\/\/osmutaa.splet.arnes.si\/?page_id=81"},"modified":"2025-09-05T09:37:49","modified_gmt":"2025-09-05T07:37:49","slug":"tekmovanja","status":"publish","type":"page","link":"https:\/\/osmutaa.splet.arnes.si\/?page_id=81","title":{"rendered":"Tekmovanja"},"content":{"rendered":"<p><span style=\"color: #000000\">Tudi letos bomo spodbujali u\u010dence k sodelovanju na razli\u010dnih tekmovanjih v znanju iz<\/span><br \/>\n<span style=\"color: #000000\">posameznih predmetnih podro\u010dij.<\/span><\/p>\n<p><span style=\"color: #000000\">U\u010denci se lahko vklju\u010dijo na tekmovanja iz:<\/span><br \/>\n<span style=\"color: #000000\">&#8211; CICI Vesele \u0161ole in Vesele \u0161ole,<\/span><br \/>\n<span style=\"color: #000000\">&#8211; SLOVEN\u0160\u010cINE (Cankarjevo priznanje),<\/span><br \/>\n<span style=\"color: #000000\">&#8211; MATEMATIKE (Vegovo priznanje, Kenguru),<\/span><br \/>\n<span style=\"color: #000000\">&#8211; FIZIKE (Stefanovo priznanje),<\/span><br \/>\n<span style=\"color: #000000\">&#8211; KEMIJE (Preglovo priznanje),<\/span><br \/>\n<span style=\"color: #000000\">&#8211; NEM\u0160\u010cINE,<\/span><br \/>\n<span style=\"color: #000000\">&#8211; ANGLE\u0160\u010cINE,<\/span><br \/>\n<span style=\"color: #000000\">&#8211; RA\u010cUNANJE JE IGRA (1.\u2013 4. razreda),<\/span><br \/>\n<span style=\"color: #000000\">&#8211; ZGODOVINE,<\/span><br \/>\n<span style=\"color: #000000\">&#8211; GEOGRAFIJE,<\/span><br \/>\n<span style=\"color: #000000\">&#8211; ASTRONOMIJE,<\/span><br \/>\n<span style=\"color: #000000\">&#8211; \u0160PORTNIH TEKMOVANJ,<\/span><br \/>\n<span style=\"color: #000000\">&#8211; LOGIKE,<\/span><br \/>\n<span style=\"color: #000000\">&#8211; ZNANJA O SLADKORNI BOLEZNI<\/span><br \/>\n<span style=\"color: #000000\">&#8211; \u0160OLSKI PLESNI FESTIVAL,<\/span><br \/>\n<span style=\"color: #000000\">&#8211; BRALNE ZNA\u010cKE: SLJ, TJN, TJA, EKO in<\/span><br \/>\n<span style=\"color: #000000\">&#8211; LIKOVNIH NATE\u010cAJEV, LITERARNIH NATE\u010cAJEV.<\/span><\/p>\n<p>&nbsp;<\/p>\n<p>&nbsp;<\/p>\n","protected":false},"excerpt":{"rendered":"<p>Tudi letos bomo spodbujali u\u010dence k sodelovanju na razli\u010dnih tekmovanjih v znanju iz posameznih predmetnih podro\u010dij. U\u010denci se lahko vklju\u010dijo na tekmovanja iz: &#8211; CICI Vesele \u0161ole in Vesele \u0161ole, &#8211; SLOVEN\u0160\u010cINE (Cankarjevo priznanje), &#8211; MATEMATIKE (Vegovo priznanje, Kenguru), &#8211; FIZIKE (Stefanovo priznanje), &#8211; KEMIJE (Preglovo priznanje), &#8211; NEM\u0160\u010cINE, &#8211; ANGLE\u0160\u010cINE, &#8211; RA\u010cUNANJE JE IGRA [&hellip;]<\/p>\n","protected":false},"author":5469,"featured_media":0,"parent":269,"menu_order":0,"comment_status":"closed","ping_status":"closed","template":"","meta":{"_et_pb_use_builder":"","_et_pb_old_content":"","_et_gb_content_width":"","ngg_post_thumbnail":0,"footnotes":""},"class_list":["post-81","page","type-page","status-publish","hentry"],"_links":{"self":[{"href":"https:\/\/osmutaa.splet.arnes.si\/index.php?rest_route=\/wp\/v2\/pages\/81","targetHints":{"allow":["GET"]}}],"collection":[{"href":"https:\/\/osmutaa.splet.arnes.si\/index.php?rest_route=\/wp\/v2\/pages"}],"about":[{"href":"https:\/\/osmutaa.splet.arnes.si\/index.php?rest_route=\/wp\/v2\/types\/page"}],"author":[{"embeddable":true,"href":"https:\/\/osmutaa.splet.arnes.si\/index.php?rest_route=\/wp\/v2\/users\/5469"}],"replies":[{"embeddable":true,"href":"https:\/\/osmutaa.splet.arnes.si\/index.php?rest_route=%2Fwp%2Fv2%2Fcomments&post=81"}],"version-history":[{"count":15,"href":"https:\/\/osmutaa.splet.arnes.si\/index.php?rest_route=\/wp\/v2\/pages\/81\/revisions"}],"predecessor-version":[{"id":19347,"href":"https:\/\/osmutaa.splet.arnes.si\/index.php?rest_route=\/wp\/v2\/pages\/81\/revisions\/19347"}],"up":[{"embeddable":true,"href":"https:\/\/osmutaa.splet.arnes.si\/index.php?rest_route=\/wp\/v2\/pages\/269"}],"wp:attachment":[{"href":"https:\/\/osmutaa.splet.arnes.si\/index.php?rest_route=%2Fwp%2Fv2%2Fmedia&parent=81"}],"curies":[{"name":"wp","href":"https:\/\/api.w.org\/{rel}","templated":true}]}}