{"id":179,"date":"2015-08-06T16:33:19","date_gmt":"2015-08-06T14:33:19","guid":{"rendered":"http:\/\/osmutaa.splet.arnes.si\/?page_id=179"},"modified":"2017-08-14T10:53:56","modified_gmt":"2017-08-14T08:53:56","slug":"projekt-zdrava-sola","status":"publish","type":"page","link":"https:\/\/osmutaa.splet.arnes.si\/?page_id=179","title":{"rendered":"Projekt zdrava \u0161ola"},"content":{"rendered":"<div class=\"art-article\">\n<p><span style=\"color: #000000\">O\u0160 Muta z enoto Osnovna \u0161ola s prilagojenim programom se je v novembru 2011 priklju\u010dila Slovenski mre\u017ei zdravih \u0161ol. Projekt vodi In\u0161titut za varovanje zdravja, koordinirajo pa ga lokalni Zavodi za zdravstveno varstvo. V njem aktivno sodelujejo osnovne in srednje \u0161ole ter dija\u0161ki domovi.<\/span><\/p>\n<p><span style=\"color: #000000\">Na \u0161oli bomo \u0161e ve\u010d pozornosti posve\u010dali sistemati\u010dnemu delovanju na podro\u010dju zdravja \u2013 tako telesnemu, du\u0161evnemu, socialnemu in okoljskemu. Potrudili se bomo, da bo \u0161ola postala \u0161e bolj prijetno okolje, v katerem bomo vsi radi delali in se sre\u010devali \u2013 tako u\u010denci, u\u010ditelji in star\u0161i.<\/span><\/p>\n<p><span style=\"color: #000000\">Ob vklju\u010ditvi v projekt Zdrave \u0161ole smo se zavezali naslednjim 12 ciljem <strong>Zdrave \u0161ole<\/strong>:<\/span><\/p>\n<p><span style=\"color: #000000\">1. Aktivno bomo podpirali pozitivno samopodobo vseh u\u010dencev s tem, da bomo pokazali, da lahko prav vsak prispeva k \u017eivljenju v \u0161oli.<\/span><\/p>\n<p><span style=\"color: #000000\">2. Skrbeli bomo za vsestranski razvoj dobrih medsebojnih odnosov med u\u010ditelji in u\u010denci, u\u010ditelji med seboj ter med u\u010denci.<\/span><\/p>\n<p><span style=\"color: #000000\">3. Potrudili se bomo, da bodo socialni cilji \u0161ole postali jasni u\u010diteljem, u\u010dencem in star\u0161em.<\/span><\/p>\n<p><span style=\"color: #000000\">4. Vse u\u010dence bomo spodbujali k razli\u010dnim dejavnostim tako, da bomo oblikovali raznovrstne pobude.<\/span><\/p>\n<p><span style=\"color: #000000\">5. Izkoristili bomo vsako mo\u017enost za izbolj\u0161anje \u0161olskega okolja.<\/span><\/p>\n<p><span style=\"color: #000000\">6. Skrbeli bomo za razvoj dobrih povezav med \u0161olo, domom in skupnostjo.<\/span><\/p>\n<p><span style=\"color: #000000\">7. Skrbeli bomo za razvoj povezav med osnovno in srednjo \u0161olo zaradi priprave skladnega u\u010dnega na\u010drta zdravstvene vzgoje.<\/span><\/p>\n<p><span style=\"color: #000000\">8. Aktivno bomo podprli zdravje in blaginjo svojih u\u010diteljev in u\u010dencev.<\/span><\/p>\n<p><span style=\"color: #000000\">9. Upo\u0161tevali bomo dejstvo, da so u\u010ditelji in \u0161olsko osebje zgled za zdravo obna\u0161anje.<\/span><\/p>\n<p><span style=\"color: #000000\">10. Upo\u0161tevali bomo komplementarno vlogo, ki jo ima \u0161olska prehrana pri u\u010dnem na\u010drtu zdravstvene vzgoje.<\/span><\/p>\n<p><span style=\"color: #000000\">11. Sodelovali bomo s specializiranimi slu\u017ebami v skupnosti, ki nam lahko svetujejo in pomagajo pri zdravstveni vzgoji.<\/span><\/p>\n<p><span style=\"color: #000000\">12. Vzpostavili bomo poglobljen odnos s \u0161olsko zdravstveno in zobozdravstveno slu\u017ebo, da nas bo dejavno podprla pri u\u010dnem na\u010drtu zdravstvene vzgoje.<\/span><\/p>\n<p><span style=\"color: #000000\">Program zdrave \u0161ole ima tri zna\u010dilnosti:<\/span><\/p>\n<p><span style=\"color: #000000\">&#8211; pouk o zdravju (zdravstvene vsebine so opredeljene v u\u010dnem na\u010drtu posameznih predmetov),<\/span><\/p>\n<p><span style=\"color: #000000\">&#8211; prikrit u\u010dni na\u010drt (pomembno je vzdu\u0161je na \u0161oli, klima, k \u010demur prispeva stalna skrb za ohranjanje in izbolj\u0161evanje medsebojnih odnosov, dobro po\u010dutje, pravila \u0161ole, interesne dejavnosti, projekti, organizacija \u0161ole nasploh),<\/span><\/p>\n<p><span style=\"color: #000000\">&#8211; dobre povezave z domom in skupnostjo (sodelovanje med \u0161olo, dru\u017eino in skupinami, organizacijami in posamezniki v lokalni skupnosti, ki lahko podprejo dejavnosti na \u0161oli).<\/span><\/p>\n<\/div>\n","protected":false},"excerpt":{"rendered":"<p>O\u0160 Muta z enoto Osnovna \u0161ola s prilagojenim programom se je v novembru 2011 priklju\u010dila Slovenski mre\u017ei zdravih \u0161ol. Projekt vodi In\u0161titut za varovanje zdravja, koordinirajo pa ga lokalni Zavodi za zdravstveno varstvo. V njem aktivno sodelujejo osnovne in srednje \u0161ole ter dija\u0161ki domovi. Na \u0161oli bomo \u0161e ve\u010d pozornosti posve\u010dali sistemati\u010dnemu delovanju na podro\u010dju [&hellip;]<\/p>\n","protected":false},"author":5469,"featured_media":0,"parent":279,"menu_order":0,"comment_status":"closed","ping_status":"closed","template":"","meta":{"_et_pb_use_builder":"","_et_pb_old_content":"","_et_gb_content_width":"","ngg_post_thumbnail":0,"footnotes":""},"class_list":["post-179","page","type-page","status-publish","hentry"],"_links":{"self":[{"href":"https:\/\/osmutaa.splet.arnes.si\/index.php?rest_route=\/wp\/v2\/pages\/179","targetHints":{"allow":["GET"]}}],"collection":[{"href":"https:\/\/osmutaa.splet.arnes.si\/index.php?rest_route=\/wp\/v2\/pages"}],"about":[{"href":"https:\/\/osmutaa.splet.arnes.si\/index.php?rest_route=\/wp\/v2\/types\/page"}],"author":[{"embeddable":true,"href":"https:\/\/osmutaa.splet.arnes.si\/index.php?rest_route=\/wp\/v2\/users\/5469"}],"replies":[{"embeddable":true,"href":"https:\/\/osmutaa.splet.arnes.si\/index.php?rest_route=%2Fwp%2Fv2%2Fcomments&post=179"}],"version-history":[{"count":3,"href":"https:\/\/osmutaa.splet.arnes.si\/index.php?rest_route=\/wp\/v2\/pages\/179\/revisions"}],"predecessor-version":[{"id":2345,"href":"https:\/\/osmutaa.splet.arnes.si\/index.php?rest_route=\/wp\/v2\/pages\/179\/revisions\/2345"}],"up":[{"embeddable":true,"href":"https:\/\/osmutaa.splet.arnes.si\/index.php?rest_route=\/wp\/v2\/pages\/279"}],"wp:attachment":[{"href":"https:\/\/osmutaa.splet.arnes.si\/index.php?rest_route=%2Fwp%2Fv2%2Fmedia&parent=179"}],"curies":[{"name":"wp","href":"https:\/\/api.w.org\/{rel}","templated":true}]}}