{"id":1275,"date":"2016-09-12T20:57:49","date_gmt":"2016-09-12T18:57:49","guid":{"rendered":"http:\/\/osmutaa.splet.arnes.si\/?page_id=1275"},"modified":"2026-04-15T10:45:28","modified_gmt":"2026-04-15T08:45:28","slug":"oddaje-sola-da-se-ti-zrola-iii-sezona","status":"publish","type":"page","link":"https:\/\/osmutaa.splet.arnes.si\/?page_id=1275","title":{"rendered":"Oddaje \u0161ola, da se ti zrola (III. sezona)"},"content":{"rendered":"<p><span style=\"text-decoration: underline\"><a href=\"https:\/\/www.youtube.com\/watch?v=5xI6U5pZ8sw\" target=\"_blank\" rel=\"noopener\">Oddaja \u0161ola, da se ti zrola 1. del<\/a><\/span><\/p>\n<p><iframe loading=\"lazy\" title=\"\u0160ola, da se ti zrola 2015\/16: O\u0160 Muta, sklop I.\" width=\"1080\" height=\"608\" src=\"https:\/\/www.youtube.com\/embed\/5xI6U5pZ8sw?feature=oembed\"  allow=\"accelerometer; autoplay; clipboard-write; encrypted-media; gyroscope; picture-in-picture; web-share\" referrerpolicy=\"strict-origin-when-cross-origin\" allowfullscreen><\/iframe><\/p>\n<p><span style=\"text-decoration: underline\"><a href=\"https:\/\/www.youtube.com\/watch?v=FD_oBel0bu8\" target=\"_blank\" rel=\"noopener\">Oddaja \u0161ola, da se ti zrola 2. del<\/a><\/span><\/p>\n<p><iframe loading=\"lazy\" title=\"\u0160ola, da se ti zrola 2015\/16: O\u0160 Muta, sklop 2.\" width=\"1080\" height=\"608\" src=\"https:\/\/www.youtube.com\/embed\/FD_oBel0bu8?feature=oembed\"  allow=\"accelerometer; autoplay; clipboard-write; encrypted-media; gyroscope; picture-in-picture; web-share\" referrerpolicy=\"strict-origin-when-cross-origin\" allowfullscreen><\/iframe><\/p>\n<p><span style=\"text-decoration: underline\"><a href=\"https:\/\/www.youtube.com\/watch?v=mF1tR1e5n2A\" target=\"_blank\" rel=\"noopener\">Oddaja \u0161ola, da se ti zrola 3. del (O\u0160PP)<\/a><\/span><\/p>\n<p><iframe loading=\"lazy\" title=\"\u0160ola, da se ti zrola 2015\/16: O\u0160PP Muta\" width=\"1080\" height=\"608\" src=\"https:\/\/www.youtube.com\/embed\/mF1tR1e5n2A?feature=oembed\"  allow=\"accelerometer; autoplay; clipboard-write; encrypted-media; gyroscope; picture-in-picture; web-share\" referrerpolicy=\"strict-origin-when-cross-origin\" allowfullscreen><\/iframe><\/p>\n","protected":false},"excerpt":{"rendered":"<p>Oddaja \u0161ola, da se ti zrola 1. del Oddaja \u0161ola, da se ti zrola 2. del Oddaja \u0161ola, da se ti zrola 3. del (O\u0160PP)<\/p>\n","protected":false},"author":5469,"featured_media":0,"parent":1859,"menu_order":0,"comment_status":"closed","ping_status":"closed","template":"","meta":{"_et_pb_use_builder":"","_et_pb_old_content":"","_et_gb_content_width":"","ngg_post_thumbnail":0,"footnotes":""},"class_list":["post-1275","page","type-page","status-publish","hentry"],"_links":{"self":[{"href":"https:\/\/osmutaa.splet.arnes.si\/index.php?rest_route=\/wp\/v2\/pages\/1275","targetHints":{"allow":["GET"]}}],"collection":[{"href":"https:\/\/osmutaa.splet.arnes.si\/index.php?rest_route=\/wp\/v2\/pages"}],"about":[{"href":"https:\/\/osmutaa.splet.arnes.si\/index.php?rest_route=\/wp\/v2\/types\/page"}],"author":[{"embeddable":true,"href":"https:\/\/osmutaa.splet.arnes.si\/index.php?rest_route=\/wp\/v2\/users\/5469"}],"replies":[{"embeddable":true,"href":"https:\/\/osmutaa.splet.arnes.si\/index.php?rest_route=%2Fwp%2Fv2%2Fcomments&post=1275"}],"version-history":[{"count":2,"href":"https:\/\/osmutaa.splet.arnes.si\/index.php?rest_route=\/wp\/v2\/pages\/1275\/revisions"}],"predecessor-version":[{"id":20665,"href":"https:\/\/osmutaa.splet.arnes.si\/index.php?rest_route=\/wp\/v2\/pages\/1275\/revisions\/20665"}],"up":[{"embeddable":true,"href":"https:\/\/osmutaa.splet.arnes.si\/index.php?rest_route=\/wp\/v2\/pages\/1859"}],"wp:attachment":[{"href":"https:\/\/osmutaa.splet.arnes.si\/index.php?rest_route=%2Fwp%2Fv2%2Fmedia&parent=1275"}],"curies":[{"name":"wp","href":"https:\/\/api.w.org\/{rel}","templated":true}]}}